 remainder when 336 is divided by 111.
3
Calculate the remainder when 108 is divided by 11.
9
Calculate the remainder when 487 is divided by 203.
81
Calculate the remainder when 227 is divided by 179.
48
Calculate the remainder when 13176 is divided by 3.
0
Calculate the remainder when 879 is divided by 78.
21
What is the remainder when 1610 is divided by 94?
12
Calculate the remainder when 302 is divided by 143.
16
Calculate the remainder when 2312 is divided by 178.
176
What is the remainder when 393 is divided by 114?
51
What is the remainder when 495 is divided by 486?
9
Calculate the remainder when 466 is divided by 54.
34
What is the remainder when 1989 is divided by 20?
9
What is the remainder when 16 is divided by 4?
0
What is the remainder when 246 is divided by 23?
16
Calculate the remainder when 93 is divided by 93.
0
Calculate the remainder when 73 is divided by 13.
8
What is the remainder when 884 is divided by 15?
14
Calculate the remainder when 15957 is divided by 12.
9
Calculate the remainder when 5 is divided by 2.
1
Calculate the remainder when 96 is divided by 72.
24
What is the remainder when 1952 is divided by 93?
92
Calculate the remainder when 2559 is divided by 80.
79
What is the remainder when 622 is divided by 13?
11
Calculate the remainder when 1392 is divided by 15.
12
Calculate the remainder when 330 is divided by 165.
0
Calculate the remainder when 455 is divided by 137.
44
Calculate the remainder when 602 is divided by 25.
2
Calculate the remainder when 8829 is divided by 2938.
15
Calculate the remainder when 15505 is divided by 33.
28
What is the remainder when 641 is divided by 46?
43
Calculate the remainder when 6719 is divided by 21.
20
Calculate the remainder when 128 is divided by 69.
59
What is the remainder when 78 is divided by 8?
6
Calculate the remainder when 91 is divided by 43.
5
What is the remainder when 743 is divided by 29?
18
Calculate the remainder when 76 is divided by 5.
1
Calculate the remainder when 355 is divided by 65.
30
What is the remainder when 651 is divided by 646?
5
What is the remainder when 3540 is divided by 1175?
15
What is the remainder when 83 is divided by 25?
8
What is the remainder when 981 is divided by 34?
29
Calculate the remainder when 80 is divided by 12.
8
Calculate the remainder when 841 is divided by 221.
178
Calculate the remainder when 341 is divided by 88.
77
Calculate the remainder when 12813 is divided by 55.
53
What is the remainder when 5211 is divided by 158?
155
What is the remainder when 1043 is divided by 21?
14
Calculate the remainder when 2502 is divided by 3.
0
Calculate the remainder when 1666 is divided by 83.
6
What is the remainder when 127 is divided by 79?
48
What is the remainder when 206 is divided by 29?
3
Calculate the remainder when 2826 is divided by 236.
230
Calculate the remainder when 628 is divided by 608.
20
What is the remainder when 1483 is divided by 15?
13
What is the remainder when 207 is divided by 19?
17
Calculate the remainder when 532 is divided by 10.
2
What is the remainder when 1030 is divided by 65?
55
What is the remainder when 386 is divided by 5?
1
Calculate the remainder when 658 is divided by 44.
42
What is the remainder when 49 is divided by 20?
9
Calculate the remainder when 655 is divided by 38.
9
Calculate the remainder when 16 is divided by 8.
0
What is the remainder when 5015 is divided by 26?
23
What is the remainder when 149 is divided by 38?
35
What is the remainder when 542 is divided by 32?
30
Calculate the remainder when 5180 is divided by 13.
6
What is the remainder when 146 is divided by 41?
23
Calculate the remainder when 81 is divided by 2.
1
Calculate the remainder when 6597 is divided by 70.
17
What is the remainder when 1315 is divided by 292?
147
What is the remainder when 81 is divided by 29?
23
Calculate the remainder when 365 is divided by 354.
11
Calculate the remainder when 291 is divided by 50.
41
Calculate the remainder when 440 is divided by 11.
0
Calculate the remainder when 6389 is divided by 79.
69
Calculate the remainder when 9018 is divided by 22.
20
What is the remainder when 3741 is divided by 13?
10
Calculate the remainder when 2121 is divided by 59.
56
What is the remainder when 4005 is divided by 191?
185
Calculate the remainder when 3536 is divided by 131.
130
What is the remainder when 541 is divided by 26?
21
What is the remainder when 717 is divided by 45?
42
What is the remainder when 200 is divided by 193?
7
What is the remainder when 23760 is divided by 218?
216
Calculate the remainder when 921 is divided by 28.
25
What is the remainder when 701 is divided by 232?
5
Calculate the remainder when 480 is divided by 69.
66
What is the remainder when 1051 is divided by 33?
28
What is the remainder when 6663 is divided by 49?
48
What is the remainder when 65 is divided by 7?
2
What is the remainder when 10187 is divided by 129?
125
What is the remainder when 248 is divided by 12?
8
Calculate the remainder when 160 is divided by 23.
22
Calculate the remainder when 662 is divided by 319.
24
Calculate the remainder when 959 is divided by 8.
7
What is the remainder when 414 is divided by 32?
30
What is the remainder when 1666 is divided by 818?
30
What is the remainder when 98 is divided by 38?
22
Calculate the remainder when 217 is divided by 141.
76
What is the remainder when 171 is divided by 20?
11
Calculate the remainder when 2406 is divided by 42.
12
Calculate the remainder when 1194 is divided by 57.
54
What is the remainder when 213 is divided by 18?
15
What is the remainder when 1795 is divided by 29?
26
What is the remainder when 108 is divided by 56?
52
Calculate the remainder when 656 is divided by 356.
300
Calculate the remainder when 242 is divided by 99.
44
What is the remainder when 3734 is divided by 43?
36
What is the remainder when 2263 is divided by 22?
19
What is the remainder when 5115 is divided by 64?
59
What is the remainder when 750 is divided by 106?
8
What is the remainder when 476 is divided by 3?
2
What is the remainder when 95 is divided by 24?
23
Calculate the remainder when 149 is divided by 50.
49
Calculate the remainder when 912 is divided by 43.
9
Calculate the remainder when 2651 is divided by 105.
26
Calculate the remainder when 150 is divided by 38.
36
What is the remainder when 279 is divided by 76?
51
Calculate the remainder when 2427 is divided by 135.
132
What is the remainder when 28 is divided by 9?
1
Calculate the remainder when 851 is divided by 154.
81
What is the remainder when 360 is divided by 19?
18
Calculate the remainder when 2001 is divided by 1995.
6
Calculate the remainder when 826 is divided by 18.
16
Calculate the remainder when 188 is divided by 38.
36
What is the remainder when 6069 is divided by 98?
91
What is the remainder when 3226 is divided by 95?
91
Calculate the remainder when 2154 is divided by 34.
12
Calculate the remainder when 32 is divided by 11.
10
Calculate the remainder when 2918 is divided by 172.
166
Calculate the remainder when 28 is divided by 11.
6
Calculate the remainder when 1564 is divided by 391.
0
Calculate the remainder when 6988 is divided by 7.
2
What is the remainder when 5071 is divided by 43?
40
What is the remainder when 265 is divided by 164?
101
What is the remainder when 434 is divided by 15?
14
Calculate the remainder when 841 is divided by 53.
46
What is the remainder when 133 is divided by 34?
31
What is the remainder when 1422 is divided by 351?
18
Calculate the remainder when 801 is divided by 12.
9
Calculate the remainder when 3730 is divided by 9.
4
What is the remainder when 1083 is divided by 16?
11
What is the remainder when 109 is divided by 28?
25
What is the remainder when 289 is divided by 28?
9
What is the remainder when 6899 is divided by 50?
49
Calculate the remainder when 286 is divided by 83.
37
Calculate the remainder when 4194 is divided by 65.
34
What is the remainder when 10079 is divided by 60?
59
What is the remainder when 1258 is divided by 35?
33
Calculate the remainder when 799 is divided by 791.
8
What is the remainder when 84 is divided by 9?
3
What is the remainder when 42 is divided by 5?
2
What is the remainder when 1206 is divided by 93?
90
What is t